{"id":13,"date":"2017-06-08T05:18:21","date_gmt":"2017-06-08T05:18:21","guid":{"rendered":"https:\/\/victorthemes.com\/themes\/roof\/?page_id=13"},"modified":"2020-02-19T19:41:53","modified_gmt":"2020-02-19T19:41:53","slug":"home","status":"publish","type":"page","link":"https:\/\/dachdeckerei-stolt.de\/","title":{"rendered":"Startseite"},"content":{"rendered":"<p>[vc_row full_width=&#8220;stretch_row_content_no_spaces&#8220; overlay_dotted=&#8220;&#8220;][vc_column]<div class=\"roof-consult \"><div class=\"container\"><div class=\"pull-left \" ><p><span style=\"color: #ffffff; font-size: 21px;\">Wir sind Ihr erfahrener Spezialist auf dem Dach.<\/span><\/p>\n<\/div><div class=\"pull-right  roof-btn-69d6717264015 \"><a href=\"http:\/\/dachdeckerei-stolt.de\/?page_id=438\"  target=\"_blank\" class=\"roof-btn \"><i class=\"fa fa-commenting-o\"><\/i>JETZT KOSTENFREI BERATEN!<\/a><\/div><\/div><\/div>[\/vc_column][\/vc_row][vc_row overlay_dotted=&#8220;&#8220; css=&#8220;.vc_custom_1497422839335{padding-top: 80px !important;padding-bottom: 50px !important;}&#8220;][vc_column width=&#8220;1\/3&#8243;]<div class=\"roof-services  services-69d671726407b \"><div class=\"service-item\"><div class=\"roof-picture\"><a href=\"https:\/\/victorthemes.com\/themes\/roof\/best-house-renovation\/\"><img decoding=\"async\" src=\"https:\/\/dachdeckerei-stolt.de\/wp-content\/uploads\/2020\/02\/IMG_2969-scaled.jpg\" alt=\"Dachbau\"><\/a><\/div><div class=\"service-info\"><h5 class=\"service-title\"><a href=\"#\" target=\"_blank\">Dachbau<\/a><\/h5><p>Individuelle Dachl\u00f6sungen f\u00fcr Ihre Immobilie.<\/p>\n<div class=\"read-more\"><a href=\"http:\/\/dachdeckerei-stolt.de\/?page_id=2091\" target=\"_blank\">Mehr erfahren<\/a><\/div><\/div><\/div><\/div>[\/vc_column][vc_column width=&#8220;1\/3&#8243;]<div class=\"roof-services  services-69d6717264880 \"><div class=\"service-item\"><div class=\"roof-picture\"><img decoding=\"async\" src=\"https:\/\/dachdeckerei-stolt.de\/wp-content\/uploads\/2020\/02\/IMG_3731-rotated.jpg\" alt=\"Holzbau\"><\/div><div class=\"service-info\"><h5 class=\"service-title\"><a href=\"http:\/\/dachdeckerei-stolt.de\/wp-admin\/post.php?vc_action=vc_inline&post_id=2082&post_type=page\" target=\"_self\">Holzbau<\/a><\/h5><p>Kurze Beschreibung zur Dienstleistung<\/p>\n<div class=\"read-more\"><a href=\"http:\/\/dachdeckerei-stolt.de\/?page_id=2082\" target=\"_blank\">Mehr erfahren<\/a><\/div><\/div><\/div><\/div>[\/vc_column][vc_column width=&#8220;1\/3&#8243;]<div class=\"roof-services  services-69d6717264ff2 \"><div class=\"service-item\"><div class=\"roof-picture\"><a href=\"https:\/\/victorthemes.com\/themes\/roof\/interior-decoration\/\"><img decoding=\"async\" src=\"https:\/\/dachdeckerei-stolt.de\/wp-content\/uploads\/2020\/02\/Bildschirmfoto-2020-02-19-um-19.42.48.png\" alt=\"Kranservice\"><\/a><\/div><div class=\"service-info\"><h5 class=\"service-title\"><a href=\"http:\/\/dachdeckerei-stolt.de\/?page_id=1347\" target=\"_blank\">Kranservice<\/a><\/h5><p>Dank unserer Zusatzoptionen wie den Baukrantransport, einen Zweimann-Personenkorb f\u00fcr sicheres Arbeiten in gro\u00dfen H\u00f6hen, einer flexiblen Ladefl\u00e4che, verschiedener Anh\u00e4ngevorrichtungen sind wir flexibel und f\u00fcr verschiedenste Aufgaben gut ger\u00fcstet.<\/p>\n<div class=\"read-more\"><a href=\"http:\/\/dachdeckerei-stolt.de\/?page_id=1347\" target=\"_blank\">Mehr erfahren<\/a><\/div><\/div><\/div><\/div>[\/vc_column][\/vc_row][vc_row full_width=&#8220;stretch_row&#8220; overlay_dotted=&#8220;&#8220; css=&#8220;.vc_custom_1496907713702{background-color: #f7f7f7 !important;}&#8220;][vc_column width=&#8220;1\/4&#8243; css=&#8220;.vc_custom_1496908052482{padding-top: 0px !important;padding-right: 0px !important;padding-bottom: 0px !important;padding-left: 0px !important;}&#8220;]<section class=\"roof-expert\"><div class=\"expert-item  expert-item-69d6717265766  first\"> <h5 class=\"expert-title\">GEDACHT. GETAN.<\/h5><h5><\/h5>\n<p>Sie suchen einen Dachdecker in Mecklenburg-Vorpommern?<\/p>\n<p>Dach- Holzbau Mario Stolt ist Ihr direkter Ansprechpartner.<br \/>\nErledigung aller anfallenden Dachdeckerarbeiten &#8211; zuverl\u00e4ssig, kompetent und fachgerecht.<\/p>\n<div class=\"view-more\"><a href=\"#\" target=\"_blank\">Unsere Leistungen<\/a><\/div><\/div><\/section>[\/vc_column][vc_column width=&#8220;1\/4&#8243; css=&#8220;.vc_custom_1496908063013{padding-top: 0px !important;padding-right: 0px !important;padding-bottom: 0px !important;padding-left: 0px !important;}&#8220;]<div class=\"roof-expert  services-69d6717265798\"><div class=\"expert-item\">\n          <div class=\"roof-icon\"><img decoding=\"async\" src=\"https:\/\/dachdeckerei-stolt.de\/wp-content\/uploads\/2017\/01\/icon-six.png\" alt=\"\u00dcber uns\"><\/div><h5 class=\"expert-title\"><a href=\"http:\/\/dachdeckerei-stolt.de\/?page_id=301\" target=\"_blank\">\u00dcber uns<\/a><\/h5><\/div><\/div>[\/vc_column][vc_column width=&#8220;1\/4&#8243; css=&#8220;.vc_custom_1496908085821{padding-top: 0px !important;padding-right: 0px !important;padding-bottom: 0px !important;padding-left: 0px !important;}&#8220;]<div class=\"roof-expert  services-69d6717265eb9\"><div class=\"expert-item\">\n          <div class=\"roof-icon\"><img decoding=\"async\" src=\"https:\/\/dachdeckerei-stolt.de\/wp-content\/uploads\/2017\/01\/icon-six.png\" alt=\"Team Stolt\"><\/div><h5 class=\"expert-title\"><a href=\"#\" target=\"_blank\">Team Stolt<\/a><\/h5><\/div><\/div>[\/vc_column][vc_column width=&#8220;1\/4&#8243; css=&#8220;.vc_custom_1496908078021{padding-top: 0px !important;padding-right: 0px !important;padding-bottom: 0px !important;padding-left: 0px !important;}&#8220;]<div class=\"roof-expert  services-69d6717265ef6\"><div class=\"expert-item\">\n          <div class=\"roof-icon\"><img decoding=\"async\" src=\"https:\/\/dachdeckerei-stolt.de\/wp-content\/uploads\/2017\/01\/icon-six.png\" alt=\"Unsere Philosophie\"><\/div><h5 class=\"expert-title\"><a href=\"http:\/\/dachdeckerei-stolt.de\/?page_id=424\" target=\"_self\">Unsere Philosophie<\/a><\/h5><\/div><\/div>[\/vc_column][\/vc_row][vc_row full_width=&#8220;stretch_row_content_no_spaces&#8220; overlay_dotted=&#8220;&#8220; css=&#8220;.vc_custom_1499321822309{padding-top: 70px !important;padding-bottom: 40px !important;background-color: #2a2f35 !important;}&#8220;][vc_column css=&#8220;.vc_custom_1496910526775{padding-top: 0px !important;padding-bottom: 0px !important;}&#8220;][vc_custom_heading text=&#8220;IHR ZUVERL\u00c4SSIGER DACHDECKER F\u00dcR MECKLENBURG-VORPOMMERN<\/p>\n<p>Viele sprechen von Qualit\u00e4t \u2013 wir bauen sie!<br \/>\nSeit \u00fcber 20 Jahren!&#8220; font_container=&#8220;tag:h2|font_size:30px|text_align:center|color:%23ffffff&#8220; google_fonts=&#8220;font_family:Raleway%3A100%2C200%2C300%2Cregular%2C500%2C600%2C700%2C800%2C900|font_style:700%20bold%20regular%3A700%3Anormal&#8220;][\/vc_column][\/vc_row][vc_row full_width=&#8220;stretch_row&#8220; parallax=&#8220;content-moving&#8220; parallax_image=&#8220;1990&#8243; parallax_speed_bg=&#8220;3&#8243; overlay_dotted=&#8220;&#8220; css=&#8220;.vc_custom_1505362191425{padding-top: 122px !important;padding-bottom: 127px !important;}&#8220; overlay_color=&#8220;rgba(30,30,30,0.58)&#8220;][vc_column]<div class=\"col-md-6 container  parallax-69d6717265f22  \"><h5 class=\"quote-sub-title\">Wir steigen Ihnen auf\u00b4s Dach!<\/h5><h2 class=\"quote-title\">Eine pers\u00f6nliche, individuelle Beratung und ein detailliertes, kostenfreies Angebot sind f\u00fcr uns eine Selbstverst\u00e4ndlichkeit.<\/h2><a href=\"http:\/\/dachdeckerei-stolt.de\/?page_id=438\" class=\"roof-btn roof-btn-big\">Kontakt zu uns <i class=\"fa fa-angle-right\" aria-hidden=\"true\"><\/i><\/a><\/div>[\/vc_column][\/vc_row]<\/p>\n","protected":false},"excerpt":{"rendered":"[vc_row full_width=&#8220;stretch_row_content_no_spaces&#8220; overlay_dotted=&#8220;&#8220;][vc_column][\/vc_column][\/vc_row][vc_row overlay_dotted=&#8220;&#8220; css=&#8220;.vc_custom_1497422839335{padding-top: 80px !important;padding-bottom: 50px !important;}&#8220;][vc_column width=&#8220;1\/3&#8243;][\/vc_column][vc_column width=&#8220;1\/3&#8243;][\/vc_column][vc_column width=&#8220;1\/3&#8243;][\/vc_column][\/vc_row][vc_row full_width=&#8220;stretch_row&#8220; overlay_dotted=&#8220;&#8220; css=&#8220;.vc_custom_1496907713702{background-color: #f7f7f7 !important;}&#8220;][vc_column width=&#8220;1\/4&#8243; css=&#8220;.vc_custom_1496908052482{padding-top: 0px !important;padding-right: 0px !important;padding-bottom: 0px !important;padding-left: 0px !important;}&#8220;][\/vc_column][vc_column width=&#8220;1\/4&#8243; css=&#8220;.vc_custom_1496908063013{padding-top: 0px !important;padding-right: 0px !important;padding-bottom: 0px !important;padding-left: 0px !important;}&#8220;][\/vc_column][vc_column width=&#8220;1\/4&#8243; css=&#8220;.vc_custom_1496908085821{padding-top: 0px !important;padding-right: 0px !important;padding-bottom: 0px !important;padding-left: 0px !important;}&#8220;][\/vc_column][vc_column width=&#8220;1\/4&#8243; css=&#8220;.vc_custom_1496908078021{padding-top: 0px !important;padding-right: 0px !important;padding-bottom: 0px !important;padding-left:[&#8230;]","protected":false},"author":1,"featured_media":2072,"parent":0,"menu_order":0,"comment_status":"closed","ping_status":"closed","template":"","meta":{"footnotes":""},"class_list":["post-13","page","type-page","status-publish","has-post-thumbnail","hentry"],"_links":{"self":[{"href":"https:\/\/dachdeckerei-stolt.de\/index.php?rest_route=\/wp\/v2\/pages\/13","targetHints":{"allow":["GET"]}}],"collection":[{"href":"https:\/\/dachdeckerei-stolt.de\/index.php?rest_route=\/wp\/v2\/pages"}],"about":[{"href":"https:\/\/dachdeckerei-stolt.de\/index.php?rest_route=\/wp\/v2\/types\/page"}],"author":[{"embeddable":true,"href":"https:\/\/dachdeckerei-stolt.de\/index.php?rest_route=\/wp\/v2\/users\/1"}],"replies":[{"embeddable":true,"href":"https:\/\/dachdeckerei-stolt.de\/index.php?rest_route=%2Fwp%2Fv2%2Fcomments&post=13"}],"version-history":[{"count":24,"href":"https:\/\/dachdeckerei-stolt.de\/index.php?rest_route=\/wp\/v2\/pages\/13\/revisions"}],"predecessor-version":[{"id":2103,"href":"https:\/\/dachdeckerei-stolt.de\/index.php?rest_route=\/wp\/v2\/pages\/13\/revisions\/2103"}],"wp:featuredmedia":[{"embeddable":true,"href":"https:\/\/dachdeckerei-stolt.de\/index.php?rest_route=\/wp\/v2\/media\/2072"}],"wp:attachment":[{"href":"https:\/\/dachdeckerei-stolt.de\/index.php?rest_route=%2Fwp%2Fv2%2Fmedia&parent=13"}],"curies":[{"name":"wp","href":"https:\/\/api.w.org\/{rel}","templated":true}]}}